 the remainder when 127 is divided by 11.
6
What is the remainder when 46 is divided by 4?
2
Calculate the remainder when 351 is divided by 6.
3
Calculate the remainder when 871 is divided by 450.
421
What is the remainder when 86 is divided by 9?
5
What is the remainder when 4646 is divided by 14?
12
Calculate the remainder when 229 is divided by 39.
34
What is the remainder when 800 is divided by 74?
60
Calculate the remainder when 582 is divided by 21.
15
Calculate the remainder when 102 is divided by 12.
6
What is the remainder when 695 is divided by 18?
11
What is the remainder when 434 is divided by 13?
5
Calculate the remainder when 948 is divided by 95.
93
What is the remainder when 11826 is divided by 81?
0
What is the remainder when 141 is divided by 18?
15
Calculate the remainder when 610 is divided by 56.
50
What is the remainder when 155 is divided by 90?
65
What is the remainder when 116 is divided by 20?
16
Calculate the remainder when 50 is divided by 11.
6
Calculate the remainder when 15 is divided by 12.
3
Calculate the remainder when 1278 is divided by 24.
6
Calculate the remainder when 1311 is divided by 529.
253
What is the remainder when 283 is divided by 269?
14
Calculate the remainder when 1723 is divided by 133.
127
Calculate the remainder when 688 is divided by 15.
13
Calculate the remainder when 65 is divided by 12.
5
What is the remainder when 122 is divided by 31?
29
What is the remainder when 226 is divided by 21?
16
What is the remainder when 487 is divided by 83?
72
Calculate the remainder when 214 is divided by 74.
66
Calculate the remainder when 75 is divided by 23.
6
What is the remainder when 31 is divided by 12?
7
What is the remainder when 410 is divided by 13?
7
What is the remainder when 157 is divided by 32?
29
What is the remainder when 165 is divided by 13?
9
Calculate the remainder when 200 is divided by 34.
30
Calculate the remainder when 3669 is divided by 9.
6
Calculate the remainder when 1715 is divided by 104.
51
What is the remainder when 31 is divided by 1?
0
Calculate the remainder when 244 is divided by 5.
4
Calculate the remainder when 482 is divided by 24.
2
Calculate the remainder when 365 is divided by 92.
89
What is the remainder when 3147 is divided by 18?
15
What is the remainder when 1042 is divided by 131?
125
Calculate the remainder when 436 is divided by 23.
22
Calculate the remainder when 2163 is divided by 178.
27
Calculate the remainder when 164 is divided by 10.
4
What is the remainder when 1269 is divided by 41?
39
What is the remainder when 128 is divided by 39?
11
What is the remainder when 158 is divided by 78?
2
What is the remainder when 2901 is divided by 83?
79
Calculate the remainder when 6003 is divided by 21.
18
Calculate the remainder when 63 is divided by 8.
7
Calculate the remainder when 97 is divided by 33.
31
Calculate the remainder when 91 is divided by 34.
23
What is the remainder when 572 is divided by 16?
12
Calculate the remainder when 715 is divided by 146.
131
Calculate the remainder when 4918 is divided by 123.
121
Calculate the remainder when 114 is divided by 15.
9
What is the remainder when 293 is divided by 132?
29
What is the remainder when 1985 is divided by 153?
149
Calculate the remainder when 89 is divided by 43.
3
What is the remainder when 27 is divided by 7?
6
What is the remainder when 171 is divided by 15?
6
Calculate the remainder when 185 is divided by 19.
14
Calculate the remainder when 1896 is divided by 87.
69
What is the remainder when 2800 is divided by 148?
136
What is the remainder when 103 is divided by 18?
13
Calculate the remainder when 161 is divided by 28.
21
What is the remainder when 4990 is divided by 156?
154
What is the remainder when 569 is divided by 30?
29
Calculate the remainder when 224 is divided by 76.
72
Calculate the remainder when 246 is divided by 28.
22
What is the remainder when 1397 is divided by 25?
22
What is the remainder when 1310 is divided by 330?
320
What is the remainder when 105 is divided by 104?
1
Calculate the remainder when 211 is divided by 74.
63
What is the remainder when 498 is divided by 58?
34
What is the remainder when 454 is divided by 126?
76
What is the remainder when 2500 is divided by 2492?
8
What is the remainder when 235 is divided by 76?
7
What is the remainder when 289 is divided by 51?
34
What is the remainder when 427 is divided by 18?
13
Calculate the remainder when 14 is divided by 4.
2
Calculate the remainder when 311 is divided by 12.
11
Calculate the remainder when 12360 is divided by 2472.
0
Calculate the remainder when 15453 is divided by 84.
81
Calculate the remainder when 463 is divided by 93.
91
What is the remainder when 847 is divided by 61?
54
What is the remainder when 1399 is divided by 228?
31
Calculate the remainder when 1819 is divided by 28.
27
What is the remainder when 1361 is divided by 31?
28
Calculate the remainder when 168 is divided by 59.
50
Calculate the remainder when 576 is divided by 159.
99
What is the remainder when 475 is divided by 48?
43
Calculate the remainder when 24 is divided by 5.
4
What is the remainder when 58707 is divided by 95?
92
Calculate the remainder when 664 is divided by 62.
44
What is the remainder when 135 is divided by 80?
55
Calculate the remainder when 3 is divided by 1.
0
Calculate the remainder when 1117 is divided by 1107.
10
What is the remainder when 718 is divided by 45?
43
What is the remainder when 105 is divided by 24?
9
Calculate the remainder when 88 is divided by 13.
10
Calculate the remainder when 107 is divided by 23.
15
Calculate the remainder when 3539 is divided by 10.
9
Calculate the remainder when 118 is divided by 27.
10
What is the remainder when 1707 is divided by 14?
13
Calculate the remainder when 331 is divided by 53.
13
What is the remainder when 101 is divided by 16?
5
What is the remainder when 447 is divided by 150?
147
What is the remainder when 138 is divided by 98?
40
Calculate the remainder when 166 is divided by 7.
5
What is the remainder when 50 is divided by 34?
16
What is the remainder when 85 is divided by 27?
4
What is the remainder when 188 is divided by 38?
36
Calculate the remainder when 225 is divided by 225.
0
Calculate the remainder when 53 is divided by 2.
1
Calculate the remainder when 746 is divided by 35.
11
What is the remainder when 192 is divided by 28?
24
What is the remainder when 45 is divided by 9?
0
Calculate the remainder when 42 is divided by 7.
0
Calculate the remainder when 491 is divided by 8.
3
Calculate the remainder when 146 is divided by 40.
26
Calculate the remainder when 70 is divided by 36.
34
What is the remainder when 22 is divided by 19?
3
What is the remainder when 3447 is divided by 6?
3
What is the remainder when 142 is divided by 8?
6
What is the remainder when 3232 is divided by 14?
12
Calculate the remainder when 52 is divided by 46.
6
Calculate the remainder when 39 is divided by 24.
15
Calculate the remainder when 59 is divided by 20.
19
Calculate the remainder when 4675 is divided by 12.
7
What is the remainder when 86 is divided by 39?
8
Calculate the remainder when 399 is divided by 105.
84
Calculate the remainder when 718 is divided by 12.
10
Calculate the remainder when 307 is divided by 6.
1
What is the remainder when 334 is divided by 219?
115
Calculate the remainder when 104 is divided by 17.
2
Calculate the remainder when 29 is divided by 16.
13
What is the remainder when 5 is divided by 4?
1
Calculate the remainder when 521 is divided by 66.
59
Calculate the remainder when 6346 is divided by 50.
46
What is the remainder when 6621 is divided by 288?
285
What is the remainder when 4641 is divided by 83?
76
Calculate the remainder when 5397 is divided by 60.
57
What is the remainder when 101 is divided by 83?
18
Calculate the remainder when 139 is divided by 10.
9
Calculate the remainder when 419 is divided by 15.
14
Calculate the remainder when 1622 is divided by 29.
27
Calculate the remainder when 183 is divided by 21.
15
What is the remainder when 1743 is divided by 70?
63
Calculate the remainder when 64 is divided by 37.
27
What is the remainder when 116 is divided by 20?
16
Calculate the remainder when 2837 is divided by 20.
